{"id":10,"date":"2023-11-19T15:12:31","date_gmt":"2023-11-19T14:12:31","guid":{"rendered":"https:\/\/tele-serviceducondroz.be\/index.php\/accueil\/"},"modified":"2023-12-11T14:36:47","modified_gmt":"2023-12-11T13:36:47","slug":"accueil","status":"publish","type":"page","link":"https:\/\/tele-serviceducondroz.be\/","title":{"rendered":"Accueil"},"content":{"rendered":"<div id=\"pl-gb10-69d01ee989c97\"  class=\"panel-layout\" ><div id=\"pg-gb10-69d01ee989c97-0\"  class=\"panel-grid panel-no-style\" ><div id=\"pgc-gb10-69d01ee989c97-0-0\"  class=\"panel-grid-cell\" ><div id=\"panel-gb10-69d01ee989c97-0-0-0\" class=\"so-panel widget widget_sow-image panel-first-child panel-last-child\" data-index=\"0\" ><div\n\t\t\t\n\t\t\tclass=\"so-widget-sow-image so-widget-sow-image-default-c67d20f9f743-10\"\n\t\t\t\n\t\t>\n\n<div class=\"sow-image-container\">\n\t\t<img decoding=\"async\" src=\"https:\/\/tele-serviceducondroz.be\/wp-content\/uploads\/2023\/11\/logo-TS.png\" width=\"397\" height=\"544\" srcset=\"https:\/\/tele-serviceducondroz.be\/wp-content\/uploads\/2023\/11\/logo-TS.png 397w, https:\/\/tele-serviceducondroz.be\/wp-content\/uploads\/2023\/11\/logo-TS-219x300.png 219w\" sizes=\"auto, (max-width: 397px) 100vw, 397px\" alt=\"\" loading=\"lazy\" \t\tclass=\"so-widget-image\"\/>\n\t<\/div>\n\n<\/div><\/div><\/div><div id=\"pgc-gb10-69d01ee989c97-0-1\"  class=\"panel-grid-cell\" ><div id=\"panel-gb10-69d01ee989c97-0-1-0\" class=\"so-panel widget widget_sow-editor panel-first-child panel-last-child\" data-index=\"1\" ><div\n\t\t\t\n\t\t\tclass=\"so-widget-sow-editor so-widget-sow-editor-base\"\n\t\t\t\n\t\t>\n<div class=\"siteorigin-widget-tinymce textwidget\">\n\t<p><span>Conform\u00e9ment \u00e0 l\u2019id\u00e9al chr\u00e9tien qui a pr\u00e9sid\u00e9 \u00e0 sa fondation, <\/span><strong>l\u2019association a pour objet de cr\u00e9er, d\u2019organiser et de favoriser des <\/strong><span><strong>activit\u00e9s \u00e0 but d\u2019entraide sociale sous toutes ses formes<\/strong>, dans le <\/span><span>respect de toute personne, en faisant appel \u00e0 la solidarit\u00e9 et en se <\/span><span>basant principalement sur le b\u00e9n\u00e9volat : accueil, \u00e9coute, aide aux <\/span><span>d\u00e9placements, ateliers cr\u00e9atifs, organisation de balades, repas 2x par <\/span><span>mois,\u2026 toujours dans le but de permettre aux personnes de se rencontrer <\/span><span>et de vaincre l\u2018isolement.<\/span><\/p>\n<p><strong>Un carrefour de solidarit\u00e9 au quotidien.<\/strong><br \/>\n<span>Nous sommes particuli\u00e8rement attentifs \u00e0 promouvoir l\u2019entraide \u00e0 travers <\/span><span>une multitude de services. A peine rendus, la vie s\u2019en trouve a\u00e9r\u00e9e ! Ne <\/span><span>le sont-ils pas, que la vie en devient \u00e9touffante ! Nous nous voulons <\/span><span>les interm\u00e9diaires entre ceux qui appellent \u00e0 l\u2019aide et ceux qui offrent <\/span><span>de leur temps et de leur comp\u00e9tence.<\/span><\/p>\n<p><strong>Le maintien ou l\u2019insertion des 3\u00e8me et 4\u00e8me g\u00e9n\u00e9rations dans les r\u00e9seaux <\/strong><span><strong>d\u2019entraide est \u00e9galement important<\/strong>. Un immense tr\u00e9sor de comp\u00e9tences <\/span><span>sociales inemploy\u00e9es dans le 3\u00e8me \u00e2ge est trop souvent n\u00e9glig\u00e9 comme <\/span><span>acteur social. Nous sommes une charni\u00e8re entre la population, les <\/span><span>administrations et les services de plus en plus complexes.<\/span><\/p>\n<\/div>\n<\/div><\/div><\/div><\/div><\/div>\n\n\n<p><\/p>\n","protected":false},"excerpt":{"rendered":"<p>Conform\u00e9ment \u00e0 l\u2019id\u00e9al chr\u00e9tien qui a pr\u00e9sid\u00e9 \u00e0 sa fondation, l\u2019association a pour objet de cr\u00e9er, d\u2019organiser et de favoriser des activit\u00e9s \u00e0 but d\u2019entraide sociale sous toutes ses formes, dans le respect de toute personne, en faisant appel \u00e0 la solidarit\u00e9 et en se basant principalement sur le b\u00e9n\u00e9volat [&hellip;]<\/p>\n","protected":false},"author":1,"featured_media":0,"parent":0,"menu_order":0,"comment_status":"closed","ping_status":"closed","template":"","meta":{"footnotes":""},"class_list":["post-10","page","type-page","status-publish","hentry"],"_links":{"self":[{"href":"https:\/\/tele-serviceducondroz.be\/index.php\/wp-json\/wp\/v2\/pages\/10","targetHints":{"allow":["GET"]}}],"collection":[{"href":"https:\/\/tele-serviceducondroz.be\/index.php\/wp-json\/wp\/v2\/pages"}],"about":[{"href":"https:\/\/tele-serviceducondroz.be\/index.php\/wp-json\/wp\/v2\/types\/page"}],"author":[{"embeddable":true,"href":"https:\/\/tele-serviceducondroz.be\/index.php\/wp-json\/wp\/v2\/users\/1"}],"replies":[{"embeddable":true,"href":"https:\/\/tele-serviceducondroz.be\/index.php\/wp-json\/wp\/v2\/comments?post=10"}],"version-history":[{"count":11,"href":"https:\/\/tele-serviceducondroz.be\/index.php\/wp-json\/wp\/v2\/pages\/10\/revisions"}],"predecessor-version":[{"id":107,"href":"https:\/\/tele-serviceducondroz.be\/index.php\/wp-json\/wp\/v2\/pages\/10\/revisions\/107"}],"wp:attachment":[{"href":"https:\/\/tele-serviceducondroz.be\/index.php\/wp-json\/wp\/v2\/media?parent=10"}],"curies":[{"name":"wp","href":"https:\/\/api.w.org\/{rel}","templated":true}]}}